{"id":53,"date":"2021-11-21T15:31:40","date_gmt":"2021-11-21T15:31:40","guid":{"rendered":"http:\/\/www.helmihetki.fi\/?page_id=53"},"modified":"2026-02-26T08:39:07","modified_gmt":"2026-02-26T08:39:07","slug":"korut","status":"publish","type":"page","link":"https:\/\/www.helmihetki.fi\/?page_id=53","title":{"rendered":"Kaulakorut"},"content":{"rendered":"\n<p><strong>TILAUKSET:<\/strong> info.helmihetki@gmail.com tai p. 0456144042.<\/p>\n\n\n\n<p><\/p>\n\n\n<div class=\"wp-block-site-logo\"><a href=\"https:\/\/www.helmihetki.fi\/\" class=\"custom-logo-link\" rel=\"home\"><img loading=\"lazy\" decoding=\"async\" width=\"203\" height=\"84\" src=\"https:\/\/www.helmihetki.fi\/wp-content\/uploads\/2021\/11\/Helmihetkilogopidempinetti.png\" class=\"custom-logo\" alt=\"V&Auml;RIANALYYSIT, KORUT, KORTIT JA TAULUT EL&Auml;M&Auml;N ERITYISIIN HETKIIN\" srcset=\"https:\/\/www.helmihetki.fi\/wp-content\/uploads\/2021\/11\/Helmihetkilogopidempinetti.png 1280w, https:\/\/www.helmihetki.fi\/wp-content\/uploads\/2021\/11\/Helmihetkilogopidempinetti-300x125.png 300w, https:\/\/www.helmihetki.fi\/wp-content\/uploads\/2021\/11\/Helmihetkilogopidempinetti-1024x426.png 1024w, https:\/\/www.helmihetki.fi\/wp-content\/uploads\/2021\/11\/Helmihetkilogopidempinetti-768x319.png 768w\" sizes=\"auto, (max-width: 203px) 100vw, 203px\" \/><\/a><\/div>\n\n\n<p><\/p>\n\n\n\n<figure class=\"wp-block-gallery aligncenter has-nested-images columns-1 is-cropped wp-block-gallery-1 is-layout-flex wp-block-gallery-is-layout-flex\">\n<figure class=\"wp-block-image size-full\"><img loading=\"lazy\" decoding=\"async\" width=\"512\" height=\"512\" data-id=\"52\" src=\"https:\/\/www.helmihetki.fi\/wp-content\/uploads\/2021\/11\/cropped-Helmihetki-korut-scaled-1.jpg\" alt=\"\" class=\"wp-image-52\" srcset=\"https:\/\/www.helmihetki.fi\/wp-content\/uploads\/2021\/11\/cropped-Helmihetki-korut-scaled-1.jpg 512w, https:\/\/www.helmihetki.fi\/wp-content\/uploads\/2021\/11\/cropped-Helmihetki-korut-scaled-1-300x300.jpg 300w, https:\/\/www.helmihetki.fi\/wp-content\/uploads\/2021\/11\/cropped-Helmihetki-korut-scaled-1-150x150.jpg 150w, https:\/\/www.helmihetki.fi\/wp-content\/uploads\/2021\/11\/cropped-Helmihetki-korut-scaled-1-60x60.jpg 60w, https:\/\/www.helmihetki.fi\/wp-content\/uploads\/2021\/11\/cropped-Helmihetki-korut-scaled-1-270x270.jpg 270w, https:\/\/www.helmihetki.fi\/wp-content\/uploads\/2021\/11\/cropped-Helmihetki-korut-scaled-1-192x192.jpg 192w, https:\/\/www.helmihetki.fi\/wp-content\/uploads\/2021\/11\/cropped-Helmihetki-korut-scaled-1-180x180.jpg 180w, https:\/\/www.helmihetki.fi\/wp-content\/uploads\/2021\/11\/cropped-Helmihetki-korut-scaled-1-32x32.jpg 32w\" sizes=\"auto, (max-width: 512px) 100vw, 512px\" \/><\/figure>\n<figcaption class=\"blocks-gallery-caption wp-element-caption\"> <strong>RiSTIN SUOJASSA -kaulakorun <\/strong>pituus on 45 cm ja se on tehty lasihelmist\u00e4. Risti on hopeaa (925) ja muut osat ovat korumetallia. Korua saa mustana ja valkoisena. Hinta on 50 \u20ac. Sis\u00e4lt\u00e4\u00e4 korurasian.  <\/figcaption><\/figure>\n\n\n\n<p><\/p>\n\n\n\n<figure class=\"wp-block-gallery has-nested-images columns-default is-cropped wp-block-gallery-2 is-layout-flex wp-block-gallery-is-layout-flex\">\n<figure class=\"wp-block-image size-large\"><img loading=\"lazy\" decoding=\"async\" width=\"746\" height=\"1024\" data-id=\"50\" src=\"https:\/\/www.helmihetki.fi\/wp-content\/uploads\/2021\/11\/Mustavalittu-746x1024.jpg\" alt=\"\" class=\"wp-image-50\" srcset=\"https:\/\/www.helmihetki.fi\/wp-content\/uploads\/2021\/11\/Mustavalittu-746x1024.jpg 746w, https:\/\/www.helmihetki.fi\/wp-content\/uploads\/2021\/11\/Mustavalittu-219x300.jpg 219w, https:\/\/www.helmihetki.fi\/wp-content\/uploads\/2021\/11\/Mustavalittu-768x1054.jpg 768w, https:\/\/www.helmihetki.fi\/wp-content\/uploads\/2021\/11\/Mustavalittu-1120x1536.jpg 1120w, https:\/\/www.helmihetki.fi\/wp-content\/uploads\/2021\/11\/Mustavalittu-1493x2048.jpg 1493w, https:\/\/www.helmihetki.fi\/wp-content\/uploads\/2021\/11\/Mustavalittu-44x60.jpg 44w, https:\/\/www.helmihetki.fi\/wp-content\/uploads\/2021\/11\/Mustavalittu-scaled.jpg 1866w\" sizes=\"auto, (max-width: 746px) 100vw, 746px\" \/><\/figure>\n<\/figure>\n\n\n\n<p><\/p>\n\n\n\n<p><\/p>\n\n\n\n<p><\/p>\n\n\n<div class=\"wp-block-site-logo\"><a href=\"https:\/\/www.helmihetki.fi\/\" class=\"custom-logo-link\" rel=\"home\"><img loading=\"lazy\" decoding=\"async\" width=\"248\" height=\"103\" src=\"https:\/\/www.helmihetki.fi\/wp-content\/uploads\/2021\/11\/Helmihetkilogopidempinetti.png\" class=\"custom-logo\" alt=\"V&Auml;RIANALYYSIT, KORUT, KORTIT JA TAULUT EL&Auml;M&Auml;N ERITYISIIN HETKIIN\" srcset=\"https:\/\/www.helmihetki.fi\/wp-content\/uploads\/2021\/11\/Helmihetkilogopidempinetti.png 1280w, https:\/\/www.helmihetki.fi\/wp-content\/uploads\/2021\/11\/Helmihetkilogopidempinetti-300x125.png 300w, https:\/\/www.helmihetki.fi\/wp-content\/uploads\/2021\/11\/Helmihetkilogopidempinetti-1024x426.png 1024w, https:\/\/www.helmihetki.fi\/wp-content\/uploads\/2021\/11\/Helmihetkilogopidempinetti-768x319.png 768w\" sizes=\"auto, (max-width: 248px) 100vw, 248px\" \/><\/a><\/div>\n\n\n<figure class=\"wp-block-gallery aligncenter has-nested-images columns-default is-cropped wp-block-gallery-3 is-layout-flex wp-block-gallery-is-layout-flex\">\n<figure class=\"wp-block-image size-large\"><img loading=\"lazy\" decoding=\"async\" width=\"720\" height=\"960\" data-id=\"213\" src=\"https:\/\/www.helmihetki.fi\/wp-content\/uploads\/2021\/11\/Avainkaulanauha.jpg\" alt=\"\" class=\"wp-image-213\" srcset=\"https:\/\/www.helmihetki.fi\/wp-content\/uploads\/2021\/11\/Avainkaulanauha.jpg 720w, https:\/\/www.helmihetki.fi\/wp-content\/uploads\/2021\/11\/Avainkaulanauha-225x300.jpg 225w, https:\/\/www.helmihetki.fi\/wp-content\/uploads\/2021\/11\/Avainkaulanauha-45x60.jpg 45w\" sizes=\"auto, (max-width: 720px) 100vw, 720px\" \/><\/figure>\n<figcaption class=\"blocks-gallery-caption wp-element-caption\"><strong>AVAINKAULANAUHA RISTILL\u00c4<\/strong>. Pituus on noin 100 cm ja sis\u00e4lt\u00e4\u00e4 kauniin ristin, joka on korumetallia. Hinta 30 \u20ac. Mik\u00e4li haluat ristin hopeisena (925), hinta on 60 \u20ac.<\/figcaption><\/figure>\n\n\n\n<p><\/p>\n\n\n\n<div class=\"wp-block-query is-layout-flow wp-block-query-is-layout-flow\"><div class=\"aligncenter wp-block-site-logo\"><a href=\"https:\/\/www.helmihetki.fi\/\" class=\"custom-logo-link\" rel=\"home\"><img loading=\"lazy\" decoding=\"async\" width=\"247\" height=\"102\" src=\"https:\/\/www.helmihetki.fi\/wp-content\/uploads\/2021\/11\/Helmihetkilogopidempinetti.png\" class=\"custom-logo\" alt=\"V&Auml;RIANALYYSIT, KORUT, KORTIT JA TAULUT EL&Auml;M&Auml;N ERITYISIIN HETKIIN\" srcset=\"https:\/\/www.helmihetki.fi\/wp-content\/uploads\/2021\/11\/Helmihetkilogopidempinetti.png 1280w, https:\/\/www.helmihetki.fi\/wp-content\/uploads\/2021\/11\/Helmihetkilogopidempinetti-300x125.png 300w, https:\/\/www.helmihetki.fi\/wp-content\/uploads\/2021\/11\/Helmihetkilogopidempinetti-1024x426.png 1024w, https:\/\/www.helmihetki.fi\/wp-content\/uploads\/2021\/11\/Helmihetkilogopidempinetti-768x319.png 768w\" sizes=\"auto, (max-width: 247px) 100vw, 247px\" \/><\/a><\/div><\/div>\n\n\n\n<p><\/p>\n\n\n\n<div class=\"wp-block-buttons is-horizontal is-content-justification-center is-layout-flex wp-container-core-buttons-is-layout-499968f5 wp-block-buttons-is-layout-flex\">\n<div class=\"wp-block-button is-style-outline is-style-outline--4\"><a class=\"wp-block-button__link wp-element-button\" href=\"http:\/\/www.helmihetki.fi\/?page_id=13\" target=\"_blank\" rel=\"noreferrer noopener\">Tee tilaus<\/a><\/div>\n<\/div>\n\n\n\n<p><\/p>\n","protected":false},"excerpt":{"rendered":"<p>TILAUKSET: info.helmihetki@gmail.com tai p. 0456144042.<\/p>\n","protected":false},"author":1,"featured_media":0,"parent":0,"menu_order":0,"comment_status":"closed","ping_status":"closed","template":"","meta":{"footnotes":""},"class_list":["post-53","page","type-page","status-publish","hentry"],"_links":{"self":[{"href":"https:\/\/www.helmihetki.fi\/index.php?rest_route=\/wp\/v2\/pages\/53","targetHints":{"allow":["GET"]}}],"collection":[{"href":"https:\/\/www.helmihetki.fi\/index.php?rest_route=\/wp\/v2\/pages"}],"about":[{"href":"https:\/\/www.helmihetki.fi\/index.php?rest_route=\/wp\/v2\/types\/page"}],"author":[{"embeddable":true,"href":"https:\/\/www.helmihetki.fi\/index.php?rest_route=\/wp\/v2\/users\/1"}],"replies":[{"embeddable":true,"href":"https:\/\/www.helmihetki.fi\/index.php?rest_route=%2Fwp%2Fv2%2Fcomments&post=53"}],"version-history":[{"count":61,"href":"https:\/\/www.helmihetki.fi\/index.php?rest_route=\/wp\/v2\/pages\/53\/revisions"}],"predecessor-version":[{"id":1069,"href":"https:\/\/www.helmihetki.fi\/index.php?rest_route=\/wp\/v2\/pages\/53\/revisions\/1069"}],"wp:attachment":[{"href":"https:\/\/www.helmihetki.fi\/index.php?rest_route=%2Fwp%2Fv2%2Fmedia&parent=53"}],"curies":[{"name":"wp","href":"https:\/\/api.w.org\/{rel}","templated":true}]}}