{"id":60,"date":"2021-11-21T15:37:16","date_gmt":"2021-11-21T15:37:16","guid":{"rendered":"http:\/\/www.helmihetki.fi\/?page_id=60"},"modified":"2025-04-28T05:45:57","modified_gmt":"2025-04-28T05:45:57","slug":"korvakorut","status":"publish","type":"page","link":"https:\/\/www.helmihetki.fi\/?page_id=60","title":{"rendered":"Korvakorut"},"content":{"rendered":"\n<p>Helmihetken korvakorut on tehty koivuvanerista ja maalattu akryylimaalilla. Muut osat ovat korumetallia.<br>Korvakorut ovat kevyet ja niit\u00e4 saa tilattua kaikissa v\u00e4reiss\u00e4! <strong>Kaikki korvikset 20 \u20ac\/kpl<\/strong>. Poikkeuksena vaaleanpunaiset Ikuinen kes\u00e4 -korvikset. <br><br>Jos olet k\u00e4ynyt v\u00e4rianalyysiss\u00e4, voit toivoa v\u00e4rikarttasi mukaisia v\u00e4rej\u00e4 my\u00f6s korviksiin. <\/p>\n\n\n\n<p><strong>TILAUKSET: <\/strong>info.helmihetki@gmail.com, p. 0456144042.<br><\/p>\n\n\n\n<figure class=\"wp-block-gallery aligncenter has-nested-images columns-default is-cropped wp-block-gallery-1 is-layout-flex wp-block-gallery-is-layout-flex\">\n<figure class=\"wp-block-image size-large\"><img loading=\"lazy\" decoding=\"async\" width=\"512\" height=\"512\" data-id=\"134\" src=\"https:\/\/www.helmihetki.fi\/wp-content\/uploads\/2021\/11\/cropped-Onnen_pisarat-some.jpg\" alt=\"\" class=\"wp-image-134\" srcset=\"https:\/\/www.helmihetki.fi\/wp-content\/uploads\/2021\/11\/cropped-Onnen_pisarat-some.jpg 512w, https:\/\/www.helmihetki.fi\/wp-content\/uploads\/2021\/11\/cropped-Onnen_pisarat-some-300x300.jpg 300w, https:\/\/www.helmihetki.fi\/wp-content\/uploads\/2021\/11\/cropped-Onnen_pisarat-some-150x150.jpg 150w, https:\/\/www.helmihetki.fi\/wp-content\/uploads\/2021\/11\/cropped-Onnen_pisarat-some-60x60.jpg 60w, https:\/\/www.helmihetki.fi\/wp-content\/uploads\/2021\/11\/cropped-Onnen_pisarat-some-270x270.jpg 270w, https:\/\/www.helmihetki.fi\/wp-content\/uploads\/2021\/11\/cropped-Onnen_pisarat-some-192x192.jpg 192w, https:\/\/www.helmihetki.fi\/wp-content\/uploads\/2021\/11\/cropped-Onnen_pisarat-some-180x180.jpg 180w, https:\/\/www.helmihetki.fi\/wp-content\/uploads\/2021\/11\/cropped-Onnen_pisarat-some-32x32.jpg 32w\" sizes=\"auto, (max-width: 512px) 100vw, 512px\" \/><\/figure>\n<figcaption class=\"blocks-gallery-caption wp-element-caption\"><strong>ONNEN PISARAT -korvakorut. <\/strong>Hinta 20 \u20ac. Saa kaikissa v\u00e4reiss\u00e4! Tehty koivuvanerista. Kevyet.<\/figcaption><\/figure>\n\n\n\n<figure class=\"wp-block-gallery has-nested-images columns-default is-cropped wp-block-gallery-2 is-layout-flex wp-block-gallery-is-layout-flex\">\n<figure class=\"wp-block-image size-large\"><img loading=\"lazy\" decoding=\"async\" width=\"768\" height=\"1024\" data-id=\"503\" src=\"https:\/\/www.helmihetki.fi\/wp-content\/uploads\/2022\/03\/IMG_20220306_204509-768x1024.jpg\" alt=\"\" class=\"wp-image-503\" srcset=\"https:\/\/www.helmihetki.fi\/wp-content\/uploads\/2022\/03\/IMG_20220306_204509-768x1024.jpg 768w, https:\/\/www.helmihetki.fi\/wp-content\/uploads\/2022\/03\/IMG_20220306_204509-225x300.jpg 225w, https:\/\/www.helmihetki.fi\/wp-content\/uploads\/2022\/03\/IMG_20220306_204509-1152x1536.jpg 1152w, https:\/\/www.helmihetki.fi\/wp-content\/uploads\/2022\/03\/IMG_20220306_204509-1536x2048.jpg 1536w, https:\/\/www.helmihetki.fi\/wp-content\/uploads\/2022\/03\/IMG_20220306_204509-45x60.jpg 45w, https:\/\/www.helmihetki.fi\/wp-content\/uploads\/2022\/03\/IMG_20220306_204509-scaled.jpg 1920w\" sizes=\"auto, (max-width: 768px) 100vw, 768px\" \/><\/figure>\n<\/figure>\n\n\n\n<figure class=\"wp-block-image size-large\"><img loading=\"lazy\" decoding=\"async\" width=\"1024\" height=\"683\" src=\"http:\/\/www.helmihetki.fi\/wp-content\/uploads\/2022\/09\/092022KV01_web_40-1024x683.jpg\" alt=\"\" class=\"wp-image-648\" srcset=\"https:\/\/www.helmihetki.fi\/wp-content\/uploads\/2022\/09\/092022KV01_web_40-1024x683.jpg 1024w, https:\/\/www.helmihetki.fi\/wp-content\/uploads\/2022\/09\/092022KV01_web_40-300x200.jpg 300w, https:\/\/www.helmihetki.fi\/wp-content\/uploads\/2022\/09\/092022KV01_web_40-768x512.jpg 768w, https:\/\/www.helmihetki.fi\/wp-content\/uploads\/2022\/09\/092022KV01_web_40-1536x1024.jpg 1536w, https:\/\/www.helmihetki.fi\/wp-content\/uploads\/2022\/09\/092022KV01_web_40-2048x1365.jpg 2048w, https:\/\/www.helmihetki.fi\/wp-content\/uploads\/2022\/09\/092022KV01_web_40-450x300.jpg 450w, https:\/\/www.helmihetki.fi\/wp-content\/uploads\/2022\/09\/092022KV01_web_40-90x60.jpg 90w\" sizes=\"auto, (max-width: 1024px) 100vw, 1024px\" \/><\/figure>\n\n\n\n<figure class=\"wp-block-gallery has-nested-images columns-default is-cropped wp-block-gallery-3 is-layout-flex wp-block-gallery-is-layout-flex\">\n<figure class=\"wp-block-image size-large\"><img loading=\"lazy\" decoding=\"async\" width=\"1024\" height=\"683\" data-id=\"31\" src=\"https:\/\/www.helmihetki.fi\/wp-content\/uploads\/2021\/11\/062021_MinnaYlimakiHemminki-9098-1024x683.jpg\" alt=\"\" class=\"wp-image-31\" srcset=\"https:\/\/www.helmihetki.fi\/wp-content\/uploads\/2021\/11\/062021_MinnaYlimakiHemminki-9098-1024x683.jpg 1024w, https:\/\/www.helmihetki.fi\/wp-content\/uploads\/2021\/11\/062021_MinnaYlimakiHemminki-9098-300x200.jpg 300w, https:\/\/www.helmihetki.fi\/wp-content\/uploads\/2021\/11\/062021_MinnaYlimakiHemminki-9098-768x512.jpg 768w, https:\/\/www.helmihetki.fi\/wp-content\/uploads\/2021\/11\/062021_MinnaYlimakiHemminki-9098-1536x1024.jpg 1536w, https:\/\/www.helmihetki.fi\/wp-content\/uploads\/2021\/11\/062021_MinnaYlimakiHemminki-9098-450x300.jpg 450w, https:\/\/www.helmihetki.fi\/wp-content\/uploads\/2021\/11\/062021_MinnaYlimakiHemminki-9098-90x60.jpg 90w, https:\/\/www.helmihetki.fi\/wp-content\/uploads\/2021\/11\/062021_MinnaYlimakiHemminki-9098.jpg 1800w\" sizes=\"auto, (max-width: 1024px) 100vw, 1024px\" \/><\/figure>\n<figcaption class=\"blocks-gallery-caption wp-element-caption\"><strong>SEURAA SYD\u00c4NT\u00c4SI -korvakorut<\/strong>. Hinta 20 \u20ac. Saa kaikissa v\u00e4reiss\u00e4. Tehty koivuvanerista. Kevyet.<\/figcaption><\/figure>\n\n\n\n<p><\/p>\n\n\n\n<p><\/p>\n\n\n\n<p><\/p>\n\n\n\n<figure class=\"wp-block-gallery has-nested-images columns-default is-cropped wp-block-gallery-4 is-layout-flex wp-block-gallery-is-layout-flex\">\n<figure class=\"wp-block-image size-large\"><img loading=\"lazy\" decoding=\"async\" width=\"1024\" height=\"683\" data-id=\"102\" src=\"https:\/\/www.helmihetki.fi\/wp-content\/uploads\/2021\/11\/IMG_0341-1024x683.jpg\" alt=\"\" class=\"wp-image-102\" srcset=\"https:\/\/www.helmihetki.fi\/wp-content\/uploads\/2021\/11\/IMG_0341-1024x683.jpg 1024w, https:\/\/www.helmihetki.fi\/wp-content\/uploads\/2021\/11\/IMG_0341-300x200.jpg 300w, https:\/\/www.helmihetki.fi\/wp-content\/uploads\/2021\/11\/IMG_0341-768x512.jpg 768w, https:\/\/www.helmihetki.fi\/wp-content\/uploads\/2021\/11\/IMG_0341-1536x1024.jpg 1536w, https:\/\/www.helmihetki.fi\/wp-content\/uploads\/2021\/11\/IMG_0341-2048x1365.jpg 2048w, https:\/\/www.helmihetki.fi\/wp-content\/uploads\/2021\/11\/IMG_0341-450x300.jpg 450w, https:\/\/www.helmihetki.fi\/wp-content\/uploads\/2021\/11\/IMG_0341-90x60.jpg 90w\" sizes=\"auto, (max-width: 1024px) 100vw, 1024px\" \/><\/figure>\n\n\n\n<figure class=\"wp-block-image size-large\"><img loading=\"lazy\" decoding=\"async\" width=\"871\" height=\"1024\" data-id=\"103\" src=\"https:\/\/www.helmihetki.fi\/wp-content\/uploads\/2021\/11\/AlfajaOmega_sininen-1-871x1024.jpg\" alt=\"\" class=\"wp-image-103\" srcset=\"https:\/\/www.helmihetki.fi\/wp-content\/uploads\/2021\/11\/AlfajaOmega_sininen-1-871x1024.jpg 871w, https:\/\/www.helmihetki.fi\/wp-content\/uploads\/2021\/11\/AlfajaOmega_sininen-1-255x300.jpg 255w, https:\/\/www.helmihetki.fi\/wp-content\/uploads\/2021\/11\/AlfajaOmega_sininen-1-768x903.jpg 768w, https:\/\/www.helmihetki.fi\/wp-content\/uploads\/2021\/11\/AlfajaOmega_sininen-1-1307x1536.jpg 1307w, https:\/\/www.helmihetki.fi\/wp-content\/uploads\/2021\/11\/AlfajaOmega_sininen-1-1742x2048.jpg 1742w, https:\/\/www.helmihetki.fi\/wp-content\/uploads\/2021\/11\/AlfajaOmega_sininen-1-51x60.jpg 51w\" sizes=\"auto, (max-width: 871px) 100vw, 871px\" \/><\/figure>\n\n\n\n<figure class=\"wp-block-image size-large\"><img loading=\"lazy\" decoding=\"async\" width=\"1024\" height=\"980\" data-id=\"104\" src=\"https:\/\/www.helmihetki.fi\/wp-content\/uploads\/2021\/11\/AlfajaOmega_violetti-1-1024x980.jpg\" alt=\"\" class=\"wp-image-104\" srcset=\"https:\/\/www.helmihetki.fi\/wp-content\/uploads\/2021\/11\/AlfajaOmega_violetti-1-1024x980.jpg 1024w, https:\/\/www.helmihetki.fi\/wp-content\/uploads\/2021\/11\/AlfajaOmega_violetti-1-300x287.jpg 300w, https:\/\/www.helmihetki.fi\/wp-content\/uploads\/2021\/11\/AlfajaOmega_violetti-1-768x735.jpg 768w, https:\/\/www.helmihetki.fi\/wp-content\/uploads\/2021\/11\/AlfajaOmega_violetti-1-1536x1469.jpg 1536w, https:\/\/www.helmihetki.fi\/wp-content\/uploads\/2021\/11\/AlfajaOmega_violetti-1-2048x1959.jpg 2048w, https:\/\/www.helmihetki.fi\/wp-content\/uploads\/2021\/11\/AlfajaOmega_violetti-1-63x60.jpg 63w\" sizes=\"auto, (max-width: 1024px) 100vw, 1024px\" \/><\/figure>\n<figcaption class=\"blocks-gallery-caption wp-element-caption\"><strong>ALFA JA OMEGA -korvakorut<\/strong> 20 \u20ac\/kpl. Saa kaikissa v\u00e4reiss\u00e4.<\/figcaption><\/figure>\n\n\n\n<figure class=\"wp-block-gallery has-nested-images columns-default is-cropped wp-block-gallery-5 is-layout-flex wp-block-gallery-is-layout-flex\">\n<figure class=\"wp-block-image size-large\"><img loading=\"lazy\" decoding=\"async\" width=\"683\" height=\"1024\" data-id=\"647\" src=\"https:\/\/www.helmihetki.fi\/wp-content\/uploads\/2022\/09\/092022KV01_web_36-683x1024.jpg\" alt=\"\" class=\"wp-image-647\" srcset=\"https:\/\/www.helmihetki.fi\/wp-content\/uploads\/2022\/09\/092022KV01_web_36-683x1024.jpg 683w, https:\/\/www.helmihetki.fi\/wp-content\/uploads\/2022\/09\/092022KV01_web_36-200x300.jpg 200w, https:\/\/www.helmihetki.fi\/wp-content\/uploads\/2022\/09\/092022KV01_web_36-768x1152.jpg 768w, https:\/\/www.helmihetki.fi\/wp-content\/uploads\/2022\/09\/092022KV01_web_36-40x60.jpg 40w, https:\/\/www.helmihetki.fi\/wp-content\/uploads\/2022\/09\/092022KV01_web_36.jpg 1024w\" sizes=\"auto, (max-width: 683px) 100vw, 683px\" \/><\/figure>\n<figcaption class=\"blocks-gallery-caption wp-element-caption\">IKUINEN KES\u00c4 -korvikset. 25 \u20ac. Vaaleanpunaiset. Ruusut k\u00e4sin maalattu.<\/figcaption><\/figure>\n\n\n\n<p><\/p>\n\n\n\n<figure class=\"wp-block-gallery has-nested-images columns-default is-cropped wp-block-gallery-6 is-layout-flex wp-block-gallery-is-layout-flex\">\n<figure class=\"wp-block-image size-large\"><img loading=\"lazy\" decoding=\"async\" width=\"683\" height=\"1024\" data-id=\"645\" src=\"https:\/\/www.helmihetki.fi\/wp-content\/uploads\/2022\/09\/092022KV01_web_27-683x1024.jpg\" alt=\"\" class=\"wp-image-645\" srcset=\"https:\/\/www.helmihetki.fi\/wp-content\/uploads\/2022\/09\/092022KV01_web_27-683x1024.jpg 683w, https:\/\/www.helmihetki.fi\/wp-content\/uploads\/2022\/09\/092022KV01_web_27-200x300.jpg 200w, https:\/\/www.helmihetki.fi\/wp-content\/uploads\/2022\/09\/092022KV01_web_27-768x1152.jpg 768w, https:\/\/www.helmihetki.fi\/wp-content\/uploads\/2022\/09\/092022KV01_web_27-1024x1536.jpg 1024w, https:\/\/www.helmihetki.fi\/wp-content\/uploads\/2022\/09\/092022KV01_web_27-1365x2048.jpg 1365w, https:\/\/www.helmihetki.fi\/wp-content\/uploads\/2022\/09\/092022KV01_web_27-40x60.jpg 40w, https:\/\/www.helmihetki.fi\/wp-content\/uploads\/2022\/09\/092022KV01_web_27.jpg 1440w\" sizes=\"auto, (max-width: 683px) 100vw, 683px\" \/><\/figure>\n<\/figure>\n\n\n\n<figure class=\"wp-block-gallery has-nested-images columns-default is-cropped wp-block-gallery-7 is-layout-flex wp-block-gallery-is-layout-flex\">\n<figure class=\"wp-block-image size-large\"><img loading=\"lazy\" decoding=\"async\" width=\"1024\" height=\"778\" data-id=\"650\" src=\"https:\/\/www.helmihetki.fi\/wp-content\/uploads\/2022\/09\/092022KV01_web_62-1024x778.jpg\" alt=\"\" class=\"wp-image-650\" srcset=\"https:\/\/www.helmihetki.fi\/wp-content\/uploads\/2022\/09\/092022KV01_web_62-1024x778.jpg 1024w, https:\/\/www.helmihetki.fi\/wp-content\/uploads\/2022\/09\/092022KV01_web_62-300x228.jpg 300w, https:\/\/www.helmihetki.fi\/wp-content\/uploads\/2022\/09\/092022KV01_web_62-768x584.jpg 768w, https:\/\/www.helmihetki.fi\/wp-content\/uploads\/2022\/09\/092022KV01_web_62-1536x1168.jpg 1536w, https:\/\/www.helmihetki.fi\/wp-content\/uploads\/2022\/09\/092022KV01_web_62-2048x1557.jpg 2048w, https:\/\/www.helmihetki.fi\/wp-content\/uploads\/2022\/09\/092022KV01_web_62-79x60.jpg 79w\" sizes=\"auto, (max-width: 1024px) 100vw, 1024px\" \/><\/figure>\n<\/figure>\n\n\n\n<p class=\"has-text-align-center\">Perhoskorvikset 20 \u20ac<\/p>\n\n\n\n<figure class=\"wp-block-gallery has-nested-images columns-default is-cropped wp-block-gallery-8 is-layout-flex wp-block-gallery-is-layout-flex\">\n<figure class=\"wp-block-image size-large\"><img loading=\"lazy\" decoding=\"async\" width=\"681\" height=\"1024\" data-id=\"419\" src=\"https:\/\/www.helmihetki.fi\/wp-content\/uploads\/2021\/11\/DSC_8402-681x1024.jpg\" alt=\"\" class=\"wp-image-419\" srcset=\"https:\/\/www.helmihetki.fi\/wp-content\/uploads\/2021\/11\/DSC_8402-681x1024.jpg 681w, https:\/\/www.helmihetki.fi\/wp-content\/uploads\/2021\/11\/DSC_8402-200x300.jpg 200w, https:\/\/www.helmihetki.fi\/wp-content\/uploads\/2021\/11\/DSC_8402-768x1154.jpg 768w, https:\/\/www.helmihetki.fi\/wp-content\/uploads\/2021\/11\/DSC_8402-1022x1536.jpg 1022w, https:\/\/www.helmihetki.fi\/wp-content\/uploads\/2021\/11\/DSC_8402-1362x2048.jpg 1362w, https:\/\/www.helmihetki.fi\/wp-content\/uploads\/2021\/11\/DSC_8402-40x60.jpg 40w, https:\/\/www.helmihetki.fi\/wp-content\/uploads\/2021\/11\/DSC_8402-scaled.jpg 1703w\" sizes=\"auto, (max-width: 681px) 100vw, 681px\" \/><\/figure>\n<figcaption class=\"blocks-gallery-caption wp-element-caption\"><strong>MY\u00d6T\u00c4TUULI-korvikset<\/strong> (linnut) 20 \u20ac\/kpl. Saa kaikissa v\u00e4reiss\u00e4.<\/figcaption><\/figure>\n\n\n<div class=\"wp-block-image\">\n<figure class=\"aligncenter size-large\"><img loading=\"lazy\" decoding=\"async\" width=\"683\" height=\"1024\" src=\"http:\/\/www.helmihetki.fi\/wp-content\/uploads\/2025\/04\/MinnaYlimaki-Hemminki2025NETTI-683x1024.jpg\" alt=\"\" class=\"wp-image-967\" srcset=\"https:\/\/www.helmihetki.fi\/wp-content\/uploads\/2025\/04\/MinnaYlimaki-Hemminki2025NETTI-683x1024.jpg 683w, https:\/\/www.helmihetki.fi\/wp-content\/uploads\/2025\/04\/MinnaYlimaki-Hemminki2025NETTI-200x300.jpg 200w, https:\/\/www.helmihetki.fi\/wp-content\/uploads\/2025\/04\/MinnaYlimaki-Hemminki2025NETTI-768x1152.jpg 768w, https:\/\/www.helmihetki.fi\/wp-content\/uploads\/2025\/04\/MinnaYlimaki-Hemminki2025NETTI-1024x1536.jpg 1024w, https:\/\/www.helmihetki.fi\/wp-content\/uploads\/2025\/04\/MinnaYlimaki-Hemminki2025NETTI-1366x2048.jpg 1366w, https:\/\/www.helmihetki.fi\/wp-content\/uploads\/2025\/04\/MinnaYlimaki-Hemminki2025NETTI.jpg 1575w\" sizes=\"auto, (max-width: 683px) 100vw, 683px\" \/><\/figure>\n<\/div>\n\n\n<div class=\"wp-block-columns is-layout-flex wp-container-core-columns-is-layout-9d6595d7 wp-block-columns-is-layout-flex\">\n<div class=\"wp-block-column is-layout-flow wp-block-column-is-layout-flow\" style=\"flex-basis:100%\">\n<div class=\"wp-block-columns is-layout-flex wp-container-core-columns-is-layout-9d6595d7 wp-block-columns-is-layout-flex\"><\/div>\n\n\n<div class=\"wp-block-image\">\n<figure class=\"aligncenter size-medium\"><img loading=\"lazy\" decoding=\"async\" width=\"265\" height=\"300\" src=\"https:\/\/www.helmihetki.fi\/wp-content\/uploads\/2024\/08\/IMG_20240816_105509-265x300.jpg\" alt=\"\" class=\"wp-image-866\" srcset=\"https:\/\/www.helmihetki.fi\/wp-content\/uploads\/2024\/08\/IMG_20240816_105509-265x300.jpg 265w, https:\/\/www.helmihetki.fi\/wp-content\/uploads\/2024\/08\/IMG_20240816_105509-904x1024.jpg 904w, https:\/\/www.helmihetki.fi\/wp-content\/uploads\/2024\/08\/IMG_20240816_105509-768x870.jpg 768w, https:\/\/www.helmihetki.fi\/wp-content\/uploads\/2024\/08\/IMG_20240816_105509-1356x1536.jpg 1356w, https:\/\/www.helmihetki.fi\/wp-content\/uploads\/2024\/08\/IMG_20240816_105509-1808x2048.jpg 1808w\" sizes=\"auto, (max-width: 265px) 100vw, 265px\" \/><\/figure>\n<\/div><\/div>\n<\/div>\n\n\n\n<p class=\"has-text-align-center\">Perhoskorvikset 20 \u20ac. Saa kaikissa v\u00e4reiss\u00e4. Korumetallia. <br>Puuosa kevytt\u00e4 koivuvaneria, joka maalattu akryylimaalilla.<\/p>\n","protected":false},"excerpt":{"rendered":"<p>Helmihetken korvakorut on tehty koivuvanerista ja maalattu akryylimaalilla. Muut osat ovat korumetallia.Korvakorut ovat kevyet ja niit\u00e4 saa tilattua kaikissa v\u00e4reiss\u00e4! Kaikki korvikset 20 \u20ac\/kpl. Poikkeuksena vaaleanpunaiset Ikuinen kes\u00e4 -korvikset. Jos olet k\u00e4ynyt v\u00e4rianalyysiss\u00e4, voit toivoa v\u00e4rikarttasi mukaisia v\u00e4rej\u00e4 my\u00f6s korviksiin. TILAUKSET: info.helmihetki@gmail.com, p. 0456144042. Perhoskorvikset 20 \u20ac Perhoskorvikset 20 \u20ac. Saa kaikissa v\u00e4reiss\u00e4. Korumetallia. Puuosa &hellip; <\/p>\n","protected":false},"author":1,"featured_media":33,"parent":0,"menu_order":0,"comment_status":"closed","ping_status":"closed","template":"","meta":{"footnotes":""},"class_list":["post-60","page","type-page","status-publish","has-post-thumbnail","hentry"],"_links":{"self":[{"href":"https:\/\/www.helmihetki.fi\/index.php?rest_route=\/wp\/v2\/pages\/60","targetHints":{"allow":["GET"]}}],"collection":[{"href":"https:\/\/www.helmihetki.fi\/index.php?rest_route=\/wp\/v2\/pages"}],"about":[{"href":"https:\/\/www.helmihetki.fi\/index.php?rest_route=\/wp\/v2\/types\/page"}],"author":[{"embeddable":true,"href":"https:\/\/www.helmihetki.fi\/index.php?rest_route=\/wp\/v2\/users\/1"}],"replies":[{"embeddable":true,"href":"https:\/\/www.helmihetki.fi\/index.php?rest_route=%2Fwp%2Fv2%2Fcomments&post=60"}],"version-history":[{"count":63,"href":"https:\/\/www.helmihetki.fi\/index.php?rest_route=\/wp\/v2\/pages\/60\/revisions"}],"predecessor-version":[{"id":970,"href":"https:\/\/www.helmihetki.fi\/index.php?rest_route=\/wp\/v2\/pages\/60\/revisions\/970"}],"wp:featuredmedia":[{"embeddable":true,"href":"https:\/\/www.helmihetki.fi\/index.php?rest_route=\/wp\/v2\/media\/33"}],"wp:attachment":[{"href":"https:\/\/www.helmihetki.fi\/index.php?rest_route=%2Fwp%2Fv2%2Fmedia&parent=60"}],"curies":[{"name":"wp","href":"https:\/\/api.w.org\/{rel}","templated":true}]}}